)*1?
5
Suppose -8*z = -240 - 128. What are the prime factors of z?
2, 23
Suppose -9*c = -5*c - 64. What are the prime factors of c?
2
Let d(b) = -b + 99. Let r be d(0). Suppose 0*o = -4*h + 5*o + r, 3*h - 5*o = 78. Suppose -z = -0*v - 2*v, z - h = -5*v. List the prime factors of z.
2, 3
Suppose -5*t - l + 11 = 0, -2*l + 16 = 4*t - 3*l. Let w(d) = d + 2. Let r(s) = 1. Let u(v) = -5*r(v) + 3*w(v). What are the prime factors of u(t)?
2, 5
Let d = -251 - -451. List the prime factors of d.
2, 5
Suppose 0 = 6*h - 2*h - 12. Suppose -5*s + h*s + 4 = 0. Let i(d) = 3*d**2 - d - 1. What are the prime factors of i(s)?
3
Let c = 13 + -7. Let x(t) = t**2 - 4*t - 7. What are the prime factors of x(c)?
5
Let t(u) = -8*u. Suppose 3*v = -v - 3*a - 11, v = a + 6. Let l be t(v). Let y(h) = -h - 2. List the prime factors of y(l).
2, 3
Let r(o) = -2*o**3 + 1. Suppose -2*j - 10 = 0, -2*w + 1 + 11 = -2*j. Let t be r(w). What are the prime factors of (10/2)/(0 - t)?
5
Suppose 4*u - 5*n - 91 = -0*n, 5*u + 2*n - 155 = 0. List the prime factors of u.
29
Let f be 4/(-6) - (-46)/6. Let w = f + -3. Suppose -5*y - b = -20, 4*y = 3*y + 4*b + w. List the prime factors of y.
2
Let h be (1 + 12/(-9))*-6. Suppose -w + h = -2. Suppose w*v = -4*o, 5*o + 15 = -5. List the prime factors of v.
2
Let n(v) = -2*v - 6. Let k(d) = d. Let w(l) = 6*k(l) + n(l). What are the prime factors of w(4)?
2, 5
Let n(f) = f**3 + 8*f**2 + 7*f + 9. Let o be n(-7). Let b = o - -11. List the prime factors of b.
2, 5
Let w(g) = -g**3 - 6*g**2 - 3*g - 11. What are the prime factors of w(-6)?
7
Let w(a) = 2 - 5*a + 4 - 1 - 4. Let z be w(-2). What are the prime factors of z + 3/6*2?
2, 3
Suppose 5*b - 18 = -8. Suppose 3*w + 45 = 2*r, -b*w + 141 = 3*r + 2*r. List the prime factors of r.
3
Suppose 0 = -4*o + 5*a - 10*a + 49, -26 = -o - 4*a. Let k = o - 2. List the prime factors of k.
2
List the prime factors of (-45)/(-3)*(92/12 - -2).
5, 29
List the prime factors of ((-2)/(-2))/((-7)/(-259)).
37
Suppose 6*p - 2*p = 1084. What are the prime factors of p?
271
Let x(p) = p**2 - 10*p + 10. Let i be x(9). Let u = i - 1. Suppose 0 = -4*k + 2*y + 60, 0 = -u*y - y - 4. List the prime factors of k.
13
Suppose -4*g + 10 = 2. List the prime factors of g/10 + (-156)/(-20).
2
Suppose 0*w - 3*w = -15. Let n(s) = -s**2 + 11. Let t(v) = -v**2 + v + 10. Let x(j) = -3*n(j) + 4*t(j). What are the prime factors of x(w)?
2
Let r(n) = n**3 - 2*n**2 - 2*n - 5. Suppose 6*x = 7*x + 4. Let u be 26/6 + x/12. What are the prime factors of r(u)?
19
Let h be 148/(-18) + (-10)/(-45). List the prime factors of 4/6*(-60)/h.
5
Let m be (0 + 2)*(-14)/4. What are the prime factors of 2/4*(1 - m)?
2
Let o(v) = 4*v**2 + 4*v - 4. Let y be o(-4). Suppose -3*n + y = n. List the prime factors of n.
11
Let i(z) = -4*z - 22. What are the prime factors of i(-13)?
2, 3, 5
Let a be 12/4*(2 - 1). Suppose 0 = -2*l - 6, -a*z - l = 2*l + 3. Suppose 2*u - 3 = z*b + 5, -4*b = 4*u - 8. What are the prime factors of u?
3
Let w be (17/(-1))/1*-5. Suppose -u + w = 4*u. What are the prime factors of u?
17
Let n(q) = -16*q. Let o be n(-1). Suppose -u + 1 - 10 = 0. Let r = u + o. List the prime factors of r.
7
Let m(u) = u**2 - u + 4. List the prime factors of m(7).
2, 23
Suppose 5*y = 3*c - 1, -3*c = -0*y - 2*y - 4. Suppose -c*n - 2*n + 72 = 0. What are the prime factors of n?
2, 3
Let m(x) = -x**2 + 5*x + 3. Let t be m(5). Suppose 0 = -3*c - t*l + 3, -4*c - 3 = -3*c + 5*l. Suppose -c*g = -g - 12. What are the prime factors of g?
2, 3
Suppose 2*u = -h + 2*h - 10, 0 = 4*h + 2*u - 20. Let d(z) = -z**2 + 6*z - 2. Let y be d(h). Let a(n) = -3*n - 2. List the prime factors of a(y).
2
Let l be (-4)/(-7)*14/4. Suppose -5*t + 5 = 0, l*t - 3*t + 16 = 5*a. Let x(k) = k**3 - k**2 - 1. List the prime factors of x(a).
17
Suppose 0 = q + q. Suppose -3 + q = -d. Let x(l) = l + 3. List the prime factors of x(d).
2, 3
Let v be -2 + (-4)/(16/(-20)). Suppose v*f = 7*f - 76. List the prime factors of f.
19
Suppose -6 = -2*l + 2. List the prime factors of l.
2
Let d(p) = 35*p - 36. List the prime factors of d(5).
139
Let x = 153 + -97. Suppose 3*a - x = -17. What are the prime factors of a?
13
Suppose -2*p = 5*g - 215, 245 = 3*p - p - g. List the prime factors of p.
2, 3, 5
Suppose 0 = -5*t + 4*d + 12 + 3, 5*d = 25. What are the prime factors of t?
7
Let z(c) = -c**3 + 5*c**2 + 4*c + 5. Let a be z(6). Let k(g) = -g**2 - 9*g - 4. List the prime factors of k(a).
2, 5
Suppose -5*h - 3*w = -149, -3*h = -4*w - 31 - 41. List the prime factors of h.
2, 7
Suppose -4*m + 2 = -2*m. Let d = m + 4. List the prime factors of ((-5)/(-4))/(d/20).
5
Suppose -5*y - 2*r + 26 = -2*y, 5*r = -4*y + 44. List the prime factors of y.
2, 3
Let r(i) = -i**3 + i**2 + i - 2. List the prime factors of r(-3).
31
Let l(s) = -s + 24. Let p be l(0). Let k = p + -9. What are the prime factors of k?
3, 5
Let w(n) = -n - 6*n - 14 + 1 + 3*n. What are the prime factors of w(-5)?
7
Suppose -c + 9 = -5*y + 42, -165 = 5*c - y. Let o = c - -52. What are the prime factors of o?
19
Let n = 10 + -9. Let z(g) = 42*g**2 + g - 1. List the prime factors of z(n).
2, 3, 7
Let r be (-1 - -3)/(2/82). List the prime factors of r/10 + 1/(-5).
2
Suppose -l - 4*l + 170 = 0. Suppose 5*y - l = 3*y. List the prime factors of y.
17
Suppose 3*a - 6 = 0, -5*j + a + 22 + 61 = 0. List the prime factors of j.
17
Let m(r) = r**2 + 2*r - 1. Let u be m(1). Let k = u - -1. Suppose k = -4*q + 15. What are the prime factors of q?
3
Suppose 0*p = -4*p + 112. Let b = 66 - 22. Let h = b - p. List the prime factors of h.
2
Let x(l) = -l + 1. Let g(r) = r**3 + 7*r**2 - 9*r - 5. Let k(u) = -g(u) + 2*x(u). What are the prime factors of k(-8)?
3, 5
Let a(w) = -3*w**3 + 2. What are the prime factors of a(-2)?
2, 13
Let b(l) = -17*l + 3. List the prime factors of b(-7).
2, 61
Let l = -3 + 5. Let z = 4 + 1. Suppose -3*y = 2*s - 7, -l*s + z*s + 2*y - 8 = 0. List the prime factors of s.
2
List the prime factors of (-128)/(-13) + (-32)/(-208).
2, 5
Let s(k) = -k**3 + 5*k**2 + 3*k + 7. Let n be s(6). Let t(x) = -2*x + 6. Let o be t(-5). Let a = n + o. List the prime factors of a.
5
Let y(f) = -10*f**3 - f - 1. Suppose 4*v = 5*b + 1, -3*v + 4*b - 3*b - 2 = 0. List the prime factors of y(v).
2, 5
Let o(w) = 4*w - 3. Suppose -a = -0*a - 2. Let r be o(a). List the prime factors of ((-4)/r)/((-8)/100).
2, 5
Let f(s) = -8*s**2 - s - 4. Let d(n) = -23*n**2 - 3*n - 11. Let v(y) = -6*d(y) + 17*f(y). List the prime factors of v(-3).
13
Suppose n + 2*n - 24 = 0. List the prime factors of 150/n - 2/(-8).
19
Let b(t) = -t**3 - 4*t**2 - 5*t - 2. Let r be b(-3). Suppose 0 = -3*m + r*c + 41, -2*c + 0*c = -2*m + 24. Let j = 9 - m. List the prime factors of j.
2
Let u(c) = 3*c**2 - 2*c - 1. Let w be u(-2). Let j = 29 - w. List the prime factors of j.
2, 7
Suppose 5*g = 121 + 44. List the prime factors of g.
3, 11
Let l(s) = -9*s - 5 - 2 - s**2 + 5. List the prime factors of l(-8).
2, 3
Let r(w) = 3*w**2 - w. Let u be r(-1). Suppose -u*v = -49 + 1. List the prime factors of v.
2, 3
Let u be (-1 + -1)/(2/4). Let d be (6/7)/((-2)/14). Let w = u - d. What are the prime factors of w?
2
Let j(q) be the second derivative of q**4/12 + q**3 + 2*q. Let n be j(-8). Suppose 3*y - n = -y. List the prime factors of y.
2
Suppose 4*g + r = -0*r + 56, g - r = 14. Let y = g - 12. List the prime factors of y.
2
Let g(k) be the first derivative of -k**2 + 10*k - 2. List the prime factors of g(-9).
2, 7
Let g = 2 + -2. Suppose -164 = -4*w + 5*j, -2 = -2*j + 6. Suppose 0 = -5*l + 3*k + w, 3*l + g*k - k = 26. List the prime factors of l.
2
Let z(l) = l**2 + 4*l - 2. Let w be z(-5). Suppose w - 13 = -g. List the prime factors of g.
2, 5
Suppose 0 = -h - 4*c - 16, -2*h - 3*c + 28 = -7*c. Suppose 3*t - 11 = h. Let g(k) = 2*k + 3. What are the prime factors of g(t)?
13
Let v be (2 + 2)*(-6)/(-8). Suppose -5*m + 64 = -v*m. What are the prime factors of m?
2
Let q(j) = -5*j**3 - 6 - 2*j**2 - j**2 + 6*j + 4*j**3. What are the prime factors of q(-5)?
2, 7
Let p(c) = c - 5*c + 3 + 0*c - c**2 + 1. Let v be p(-4). What are the prime factors of 3/6 + 18/v?
5
Let b = -17 - -19. Suppose 0 = -b*t - 4*x + 42, 4*t = t - 2*x + 63. List the prime factors of t.
3, 7
Suppose -4*c - 8 = 0, -c - 65 = 3*d - 0*c. Let h be 6/d + 37/7